ctors of (-1)/a + g/(-5)?
2
Let l = 7 + -3. Let i be l/10 - (-2)/(-5). Suppose -o - 3*o + 24 = i. What are the prime factors of o?
2, 3
Suppose 0 = 3*v - 22 - 89. What are the prime factors of v?
37
Let v be (-2)/8 - (-12067)/44. Suppose -4*q = -v + 78. List the prime factors of q.
7
Let q = 47 + 33. Suppose z - q = 6*z - 4*i, z = -5*i - 16. Let a = z - -30. List the prime factors of a.
2, 7
Suppose 3*a - c - 15 = 0, -2*a + 7*a = -2*c + 14. Suppose -g - 5*o + 8 = -3*g, 4*g - 5*o = a. List the prime factors of g.
2, 3
Suppose -10 = -j + 24. List the prime factors of j.
2, 17
Suppose 7*y = 3*y + 60. Suppose 4*z = z + y. List the prime factors of z.
5
Suppose 3*k + 20 = 5*g, 3*k + 3*g + 4 = 4*g. Suppose q + 0 + 1 = k. Let s = 4 + q. What are the prime factors of s?
3
What are the prime factors of -7*(-7 - -3 - -3)?
7
Let s(p) = p + 3. Let o be s(0). Suppose o*t - 4*a + 2 = 0, 8 = 3*t - 6*a + 4*a. List the prime factors of t.
2, 3
Let t(u) = 20*u**3 + u**2 - 1. Let s be t(1). What are the prime factors of ((-6)/(-5))/(1/s)?
2, 3
Let u be (-2)/(4/6 - 0). Let h = 2 - u. List the prime factors of h.
5
List the prime factors of ((-58)/4)/((-2)/4).
29
Let c = 75 - 34. What are the prime factors of c?
41
Let a(y) = -2*y - 24. Let f be a(11). Let s = f + 65. List the prime factors of s.
19
Suppose 2 = -0*g + 2*g. Let q be (-21)/((-3)/g) + 2. Suppose -2*s + q = s. What are the prime factors of s?
3
Let t(k) = -k**3 + k**2 - 2*k + 49. What are the prime factors of t(0)?
7
Suppose -2*f + g + 3 = 0, 0*f - f = 4*g - 15. Let d be 21/(-14)*(-4)/f. Suppose -v = -d - 4. What are the prime factors of v?
2, 3
Suppose -5*b - 20 = 3*t, -3*t + 5*b + 26 = 6. Let r(q) = q**3 - q**2 + 22. List the prime factors of r(t).
2, 11
Let q(o) = 22*o - 1. List the prime factors of q(1).
3, 7
Suppose 2*c - 7*c + 10 = 0. Suppose -c*w = -7*w + 160. What are the prime factors of ((-9)/(-4))/(12/w)?
2, 3
Suppose -2*p + 7*p = 120. What are the prime factors of p?
2, 3
Let u(p) = p**3 - 3*p**2 + 3*p + 1. Let s be u(3). Let q(z) = z**3 + 3*z**2 - 4*z - 6. Let c be q(-4). Let x = s + c. List the prime factors of x.
2
List the prime factors of (-3)/(-5) + (-5710)/(-25) + 5.
2, 3, 13
Let o = 224 + -124. What are the prime factors of o?
2, 5
Let k be (-98)/(-2*(-2)/(-8)). Suppose -q = -5*q + k. Suppose -2*s = -3*l - 7*s + q, -l + 2*s - 2 = 0. List the prime factors of l.
2
Let u be 3/(-2) - (-9)/(-2). Let n = u - -15. Suppose 0 = -v + 2*v - n. What are the prime factors of v?
3
Let g = 252 + -164. What are the prime factors of g?
2, 11
Let h(o) = o**2 + 6*o - 8. Let z be h(-7). List the prime factors of z + 4 + 4 - -2.
3
What are the prime factors of (-6)/18*6 + 304/2?
2, 3, 5
Suppose 3*s - 6 = -3*t, 5 = 2*t + s + 1. List the prime factors of ((-72)/(-28))/(t/14).
2, 3
Let a = -2 - -5. Suppose i - 6 = -m, -2 = -m - 8*i + a*i. What are the prime factors of (-6 + 8)*(0 + m)?
2, 7
Suppose -172 = -5*g + 3*g - r, 4*g + r = 342. List the prime factors of g.
5, 17
Let i be (-3)/(-1)*(-2 + 1). Let x = i - -5. Suppose 0 = -5*p + x*b + 43, -5*p + 4*b + 51 + 0 = 0. List the prime factors of p.
7
Suppose 2*c = 2*z - 1 + 9, 0 = 2*z - 3*c + 10. List the prime factors of z/3*-4*3.
2
Let u = 5 - 0. Let v(k) = -k**2 + 10*k - 12. List the prime factors of v(u).
13
Let r(z) = -8*z**2 - 6*z - 4. Let b(x) = -8*x**2 - 5*x - 3. Let t(p) = -5*b(p) + 4*r(p). Suppose -5*u + 10*u = 5. What are the prime factors of t(u)?
2
Suppose 7*m = 3*m + 4. Suppose 22 = 3*p + m. List the prime factors of p.
7
Let u(d) = 5*d**2 - 9*d + 1. Let n(t) = 2*t**2 - 3*t. Let s(f) = 8*n(f) - 3*u(f). List the prime factors of s(-5).
7
Let h = 4 - 2. What are the prime factors of h?
2
List the prime factors of 6/(-2) - (-31 + 10).
2, 3
Let a(p) = p**2 + 9*p + 11. Let f be a(-8). Let d be 3/9*3 + f. Suppose o - 3*r = -d, -o + 3*o - 5*r = -6. What are the prime factors of o?
2
Let s = -83 + 131. Suppose 2*n + 0*n - 2*b - s = 0, 5*b + 96 = 4*n. List the prime factors of (-1)/(-3 + n/9).
3
Let x = -3 - -4. Let v be (-1)/((x/1)/(-1)). Suppose -h - v = -7. List the prime factors of h.
2, 3
Let y = 6 - 13. What are the prime factors of 27/63 + (-95)/y?
2, 7
Let q(a) = a**2 - 10*a - 6. What are the prime factors of q(13)?
3, 11
Suppose 18 + 15 = 3*a. What are the prime factors of a?
11
Let p(q) be the third derivative of -q**6/120 - 2*q**5/15 - 5*q**4/24 + 5*q**3/6 - q**2. Let i be p(-7). Let d = i - -20. What are the prime factors of d?
11
Let d(z) be the third derivative of z**5/30 - z**4/4 + 2*z**3/3 - 2*z**2. Let j be d(4). Suppose j = t + t. List the prime factors of t.
2, 3
Let o(u) = -u**2 - 14*u - 22. List the prime factors of o(-11).
11
Let u(z) = z**2 + 9*z - 2. Let l be u(-10). Suppose 11 = -m - 0*t - 3*t, 3*m + 4*t + l = 0. What are the prime factors of m?
2
Let c = 452 + 654. What are the prime factors of c/91 + (-4)/26?
2, 3
Suppose 5*s + 1 = -9. Let l be (80 - s)/(3 - 1). Suppose 0 = -5*t + 14 + l. What are the prime factors of t?
11
Let m be 17 + 10 - (0 - 0). Let c be ((-23)/3)/(1/(-3)). Suppose o = 4*q + c, -4*o + 5*q = -m - 21. List the prime factors of o.
7
Let x(q) be the second derivative of -q**4/12 - 7*q**3/6 - 3*q**2/2 + 4*q. List the prime factors of x(-5).
7
Let j(i) be the second derivative of i**4/6 + i**3/2 + i**2 - 2*i. List the prime factors of j(-2).
2
Suppose 4*l = b + 3*b - 8, -5*l = b + 4. Let v = 5 + l. List the prime factors of v.
2
Let l = -29 + 40. List the prime factors of l.
11
Suppose 4*b = -t + 529, 5*b - t = -4*t + 656. What are the prime factors of b?
7, 19
Let z(o) = -4*o + 1. Let f be z(9). Let t = 59 + f. What are the prime factors of t?
2, 3
Suppose 2*s = 8, -5*s - 100 = -2*r + 290. What are the prime factors of r?
5, 41
Suppose 0 = 5*g - 5 - 20. Suppose 0 = -s + g. Suppose 0*b - 4*b = -16, 4*b + 9 = s*y. What are the prime factors of y?
5
Let f(x) = -16*x - 5. List the prime factors of f(-4).
59
Let u(x) be the second derivative of x**7/2520 - 7*x**6/720 + x**5/60 - x**4/4 + x. Let t(a) be the third derivative of u(a). List the prime factors of t(8).
2, 5
Suppose 2*g + 0 = 4. Suppose g*w + 70 = 3*t - 2*w, 4*t - 135 = -3*w. What are the prime factors of t?
2, 3, 5
Suppose 7*c = 3*c. Suppose b + w - 13 = 0, c = -b - w + 2*w + 5. List the prime factors of b.
3
Let i(a) = a**2 - a. What are the prime factors of i(4)?
2, 3
What are the prime factors of (2 - 14)/(-1 - 1)?
2, 3
Suppose -4*o + 35 = -9*o. Let d = o + 21. What are the prime factors of d?
2, 7
Let r be 2/4 + 1/2. Let t(n) = -r - 6*n**3 + 5*n**2 - 5*n**2. What are the prime factors of t(-1)?
5
Let x = -7 + 11. Suppose 5*a + 2*m = 36, -2*a + 3*a = -x*m + 18. What are the prime factors of a?
2, 3
Let c be (-542)/(-9) + (-2)/9. Suppose -c - 6 = -3*u. Suppose 2*i - 7*b + 3*b = u, 3*b + 11 = i. List the prime factors of i.
11
Let w(f) = f - 2. Let v be w(5). Suppose -2*t + 4 = -c - 13, -c - v = 0. What are the prime factors of t?
7
Let z be ((-25)/5)/(1 + -2). Suppose z*g - 20 = 0, 5*f - 13 = 4*g - g. List the prime factors of f.
5
Let t(b) = b - 1. Let u be t(8). Let d = -5 + u. Suppose d*i - 2*h - 1 = -3, 5*i - 45 = -5*h. What are the prime factors of i?
2
Let j(z) = z**2 - z - 4. Let x be j(3). Suppose -3*o + 85 = x*o - 2*w, 4*w = -o + 39. List the prime factors of o.
19
Suppose r = 2 - 0, -2*r + 35 = -g. Let u = 6 - g. What are the prime factors of u?
37
Suppose 0 = -4*i + b + 5, -4*i + 4*b - b = 1. Suppose 0 = i*z - 0*z - 18. What are the prime factors of z?
3
Let y be ((-6)/(-4))/(6/4). Let w = -1 + y. Suppose -4*h + 44 = -w*h. What are the prime factors of h?
11
Let t(y) = -y + 1 - 1 - 2*y - 2. Suppose -8 + 2 = 2*a - 2*h, 0 = -5*a - 5*h - 25. What are the prime factors of t(a)?
2, 5
Let i = -4 + 5. Suppose -r - i + 4 = 0. Suppose 2*k - z - r*z - 32 = 0, -34 = -4*k - 2*z. List the prime factors of k.
2, 5
Suppose 42 = 2*p + 2*c, 0 = 4*p + 3*c - 9 - 80. Let z = p + -18. List the prime factors of z.
2
Suppose 4*l = 12, -l + 66 = m + 15. Suppose 4*f - 12 = -0, 0 = 3*h + 5*f - m. List the prime factors of h.
11
Let f be 3/9 + (-226)/(-6). Suppose 0*s = 2*s + 10, f = 4*m - 2*s. Suppose -b + 4*a = 8, -m = -3*a + 8. What are the prime factors of b?
2, 3
Suppose -5*g = -4*g - 95. What are the prime factors of g?
5, 19
Let u = 1 + 1. Suppose -2*g -